t p(v) = v**2 + 9*v - 12. Give p(o).
-2
Let o(r) be the first derivative of 3*r**2/2 + 2*r + 37. Determine o(-2).
-4
Let i(g) = -27*g**2 + 38*g - 5. Let h(b) = -8*b**2 + 12*b - 2. Let s(r) = -7*h(r) + 2*i(r). Determine s(3).
-2
Let c(g) = 3*g - 3. Let m = 199 - 197. Determine c(m).
3
Let u(s) = -s**3 + 3*s**2 + 3*s + 5. Let x be u(4). Let t be x/(-5) + (-56)/20. Let h(y) = 2*y**2 + 3*y + 1. Determine h(t).
10
Let n(t) = -t**2 + 3*t + 4. Suppose -4 = -2*y + 4. Let i be n(y). Let l(u) = -u - 2. What is l(i)?
-2
Let s(u) = 35*u**3 + 20*u**2 - 15*u + 4. Let h(k) = 19*k**3 + 11*k**2 - 8*k + 2. Let n(v) = -11*h(v) + 6*s(v). What is n(0)?
2
Let n(t) be the first derivative of -t**3/3 + 3*t**2 - 9*t + 9. Let y be (6 + -1)/((-1)/(-1)). Let m be n(y). Let i(g) = -5*g - 2. Determine i(m).
18
Let l(u) = -u**2 + 16*u + 2. Let v(k) = 2*k + 1. Let d(j) = -l(j) + 3*v(j). Give d(10).
1
Let v(k) = 8*k - 9. Suppose -2*q + 8 + 26 = 0. Let c = -1564 + 1558. Let f(i) = 23*i - 26. Let d(w) = c*f(w) + q*v(w). Calculate d(6).
-9
Suppose -2*l - g = -4*l - 12, 0 = -3*l + g - 20. Let t(q) = -2*q - 3. Determine t(l).
13
Let f(j) = -15*j - 25. Let z = -317 - -315. Determine f(z).
5
Let o(n) = -2*n - 1. Let f(z) = z**3 + z**2 + z. Let g be f(2). Suppose m - 3*m = 5*a - 82, 86 = 5*a + m. Suppose g = 2*k + a. Determine o(k).
3
Suppose t + 2*t - 6 = 0. Suppose -t*c - 3 = c. Let r(z) be the first derivative of -6*z**2 + z + 9. Give r(c).
13
Let r(t) be the second derivative of -t**3/3 + 3*t**2/2 - 6*t. Let a be 2 + 7 - 7 - (-6)/(-1). Calculate r(a).
11
Let h(m) = -6*m**3 + m**2 + 3*m + 7. Let t(a) = a**3 + a**2 + a - 1. Let k(w) = -h(w) - 5*t(w). Determine k(7).
-9
Let x(i) = i**2 - 12*i + 12. Let g(p) = -3*p**2 + 35*p - 37. Let j(q) = 3*g(q) + 8*x(q). Let l be j(7). Let s(k) = 13*k**3 + 2*k**2 + k. Calculate s(l).
-12
Let g(x) = x**2 + 15. Suppose -2*o - 78 = -78. Calculate g(o).
15
Let a(m) = m**2 - 7*m + 10. Let s be a(6). Suppose -3*r + s*x - 20 = -4*r, 5*r = -5*x + 40. Let d(p) = -3 + 1 + 9 - p. Calculate d(r).
3
Suppose 5*n = -3*q - 50, 6*q + 2*n = 2*q - 48. Let v(u) = -2*u. Give v(q).
20
Let i(v) = 97*v + 105*v - 307*v + 1 + 104*v. Let f(d) = -d**3 + 3*d**2 + 4*d - 2. Let x be f(4). What is i(x)?
3
Let l(c) be the third derivative of -c**8/6720 + 13*c**5/30 - 13*c**2. Let f(i) be the third derivative of l(i). Let x be -1*2 + 1 + -1. Give f(x).
-12
Let s be -6 + (-6 - 24/(-4))/1. Let t(o) = -o**2 - 10*o - 7. Give t(s).
17
Let y(w) = 7*w + 4*w - 13 + 4 + 0*w - 14*w. Calculate y(-7).
12
Let v(k) = -k**3 - 4*k**2 - 2. Suppose -4 = -4*a - 4*r, -5*a - 10*r + 15*r - 45 = 0. What is v(a)?
-2
Let b(j) = j**2 - 4*j - 2. Let u(m) = m**3 - 4*m**2 - 5*m + 1. Let r be u(5). Let o = -9 + 12. Let i be ((-4)/(-4))/r + o. Determine b(i).
-2
Let o(l) = l**2 - 5*l - 1. Let d(z) = -5*z + 2. Let i be d(-2). Suppose -4*u + 14 = -k, 0 = -4*u - 2*k + 8 + i. Suppose -6 = -u*n + 6. Give o(n).
-7
Suppose 2*i + 0*i = 8. Let f(y) be the second derivative of -y**3/3 + 11*y**2/2 + 4*y. Let s(h) = -2*h + 12. Let d(q) = i*s(q) - 5*f(q). Determine d(5).
3
Let v be 15/(-2) + 1/2. Let m(z) = -4*z**3 + 25*z**2 - 8*z + 41. Let x(w) = -3*w**3 + 17*w**2 - 5*w + 28. Let s(i) = -5*m(i) + 7*x(i). Determine s(v).
5
Let h(i) be the first derivative of -3*i**2/2 + 5*i + 7. Let g be 6 + (1 + (-5 - -1) - -2). Give h(g).
-10
Let o(h) = 20*h**2 + 20*h + 59. Suppose -5*s + 31 = 1. Let i(u) = 7*u**2 + 7*u + 20. Let x(f) = s*o(f) - 17*i(f). Calculate x(0).
14
Let v(c) = 7*c**3 + 24*c**2 + 26*c - 21. Let b(f) = -3*f**3 - 12*f**2 - 13*f + 10. Let z(s) = 9*b(s) + 4*v(s). Calculate z(13).
6
Let p(l) = 6*l**3 + l**2. Let j be (6/(-21))/((-2)/98). Let f = -13 + j. Give p(f).
7
Let y(g) be the third derivative of 1/6*g**3 + 14*g**2 + 1/24*g**4 + 0 + 0*g. Determine y(-1).
0
Let g(a) = a + 6. Suppose 8*m = 4*m. Suppose m = 4*t - 5*z, 2*z = -5*t + 6*z. What is g(t)?
6
Suppose -3*d - 42 = -2*v - d, d = 4*v - 72. Suppose -v - 1 = -3*u. Let x(b) be the third derivative of b**4/24 + 4*b**3/3 + 232*b**2. Give x(u).
14
Suppose -7*n - 23 = -2. Let z(g) = 3*g**2 + 3*g. Give z(n).
18
Let a(w) = -168*w**2 - 1 - 169*w**2 + 0 + 2*w - 1 + 338*w**2. Determine a(1).
1
Let g(s) be the first derivative of -s**4/4 + 5*s**3/3 - s**2/2 - 2*s + 71. Give g(5).
-7
Let u(s) be the second derivative of -s**5/60 + 7*s**4/24 + s**3/3 - s. Let z(t) be the second derivative of u(t). Let q = -15 + 21. Give z(q).
-5
Let d be (1/2)/(6/(-12)). Let g(x) be the third derivative of -1/12*x**4 + 1/15*x**5 + 0*x + 7*x**2 + 0 - 1/6*x**3. What is g(d)?
5
Let t(r) = r. Let f(p) = 3*p**2 + 9*p + 23. Let o be f(-6). Let q = -75 + o. Give t(q).
2
Let k = 313 - 311. Let y(f) = 2*f**3 - 3*f**2. What is y(k)?
4
Let p(a) = a - 6. Let u(c) = c**2 + 5*c - 6. Let b be u(1). Calculate p(b).
-6
Let l be 9*20/(-6)*16/(-20). Suppose i = -o + 13, i - 3*o - l = -3*i. Let s(y) = y - 4. Determine s(i).
5
Let x(r) = 0 - 4025*r**2 + r - 2 + 4024*r**2. Give x(-2).
-8
Let y(s) = -104 + 102 + 8*s - 4*s. Determine y(-7).
-30
Let b(a) = a**2 - a - 2. Let q(g) be the third derivative of g**5/60 - g**4/24 - g**3/2 - 6*g**2. Let k(s) = -6*b(s) + 5*q(s). Determine k(0).
-3
Let l = -160 - -157. Let k(w) = -3*w + 4. Determine k(l).
13
Let b(m) = -5*m + 6. Let t(f) = 4*f - 5. Let p(x) = -5*b(x) - 6*t(x). Suppose -15*a = -19*a + 8. Let q be (a/3)/(26/195). Give p(q).
5
Let v(b) = 168 + b**2 - 84 - 4*b - 87 - b. Calculate v(5).
-3
Let z be (-168)/(-27) - 4/18. Let q(t) = -3 + 2*t**2 + t**2 + t**3 - z*t**2 + t. Suppose 0 = -3*b - 5*g - 8 - 8, 4*b - g = 17. What is q(b)?
0
Suppose -3 = 3*p - 15. Let k(l) = l - 9. Let r be k(7). Let b = p + r. Let q(z) = 3*z - 3. What is q(b)?
3
Let r(h) be the third derivative of h**5/60 + h**4/8 + h**3/6 + 17*h**2. Suppose 0 = x + 2*l - 7*l + 12, 6 = -5*x - 2*l. What is r(x)?
-1
Let u = -23 - -19. Let t be 1 + (-12)/u*-1. Let l(p) = -p**2 + p + 1. Determine l(t).
-5
Let w(a) = a**2 + 6*a + 3. Let t be 21/14*78/9. Suppose -4*u = -3*q + q + 8, 0 = 5*q + u + t. Calculate w(q).
-5
Suppose -8 = -5*d - 3. Let g be 3/(-12) + 9/4. Let a(h) = -h - 2*h**2 - 51*h**3 + 49*h**3 + 3*h**g. What is a(d)?
-2
Let l(x) = -x**3 + 9*x**2 - 10*x + 18. Let f = 1208 - 1200. Determine l(f).
2
Let i(u) = -6372*u + 3187*u - 1 + 3188*u. Let x = -5 + 8. Suppose -x*k + 1 = -2. What is i(k)?
2
Let k(m) be the second derivative of m**5/20 - 2*m**4/3 + m**3 - 3*m**2 + 7*m - 28. What is k(6)?
-42
Let c = 949 - 959. Let z(d) = d**2 + 12*d + 6. Calculate z(c).
-14
Suppose r = -r + 14. Suppose 4*z + 9 = r*z. Suppose 3*u + 16 = 7*u, -4*x = -z*u + 16. Let a(i) = -4*i**2 - 2*i - 1. Give a(x).
-3
Let s = -31 - -34. Let w(z) = -s - 2 + 4*z + 4 + 0 + z**2. What is w(-4)?
-1
Let l(t) = -3*t**3 - 10*t**2 - 3*t + 2. Let g(b) = -14*b**3 - 40*b**2 - 13*b + 8. Let a(h) = -2*g(h) + 9*l(h). Give a(10).
-8
Let i(v) = v**3 - 4*v**2 + 3. Let n(h) = -h**3 + h**2 - h + 1. Let m(g) = 6*g**3 - 9*g**2 - 2. Let u(f) = m(f) + 5*n(f). Let t be u(5). Determine i(t).
-6
Let m(x) = -2*x**2 - x - 2. Let c(u) = -u**3 - 10*u**2 + 10*u - 8. Let l be c(-11). Let r(y) = y**3 - 2*y**2 - 4*y + 1. Let v be r(l). Calculate m(v).
-8
Let b(n) = -n**3 - 6*n**2 + 8*n + 5. Suppose 6*x + x = 4*x. Suppose -2*h - 7*h - 63 = x. What is b(h)?
-2
Let x(i) be the third derivative of -i**8/2240 - i**6/720 + i**5/120 + i**4/24 - 33*i**2. Let t(l) be the second derivative of x(l). Calculate t(1).
-3
Let r(l) = -l**2 - 5*l - 4. Suppose y = 2*q - 17, 4*y + 9 = y. Suppose -q*t + 0*t - 28 = 0. Calculate r(t).
0
Let z(n) = 5*n - 6. Let h(u) = 9*u - 11. Let d(k) = -6*h(k) + 11*z(k). Let q(r) = -r**2 + 4*r. Let g be q(5). What is d(g)?
-5
Let t(i) = -2*i**2 - 15*i - 9. Let b be t(-7). Let a be ((-32)/(-4))/(b/3*-3). Let m(p) = p**2 - 2*p. Calculate m(a).
8
Let k(x) be the second derivative of -x**3/6 + 7*x**2/2 - x. Let a(v) = 3 - 2 + 16*v + v**2 - 5*v**3 - 17*v - 2. Let s be a(1). Calculate k(s).
13
Suppose 4 = 2*x - 0*x. Let k(s) = -x*s**2 - s + s + 5*s**3 + s**2. Let p(m) = -m**2 + 2*m + 1. Let y be p(2). What is k(y)?
4
Let s(g) be the first derivative of g**4/4 + 2*g**3 + g**2/2 - 6*g + 351. Let c = -6 - 0. Give s(c).
-12
Let s(f) be the third derivative of f**4/24 + 11*f**3/6 - 37*f**2. What is s(-7)?
4
Suppose -5*j = r - 16, 39*j - 40*j - 40 = 5*r. Let h(w) 